 digit of 5786599?
9
What is the tens digit of 32521?
2
What is the tens digit of 57802?
0
What is the hundred thousands digit of 247520?
2
What is the tens digit of 518908?
0
What is the thousands digit of 616688?
6
What is the tens digit of 1010167?
6
What is the tens digit of 46439?
3
What is the millions digit of 23837663?
3
What is the tens digit of 6287446?
4
What is the millions digit of 5568477?
5
What is the ten thousands digit of 85146?
8
What is the ten thousands digit of 1000108?
0
What is the tens digit of 412551?
5
What is the hundreds digit of 448747?
7
What is the units digit of 540152?
2
What is the thousands digit of 158530?
8
What is the thousands digit of 247573?
7
What is the hundreds digit of 460868?
8
What is the hundreds digit of 489940?
9
What is the ten millions digit of 10462312?
1
What is the units digit of 289670?
0
What is the units digit of 5683842?
2
What is the thousands digit of 184475?
4
What is the tens digit of 92632?
3
What is the hundreds digit of 170607?
6
What is the millions digit of 10708375?
0
What is the units digit of 787645?
5
What is the hundreds digit of 730120?
1
What is the ten thousands digit of 412884?
1
What is the ten thousands digit of 7218418?
1
What is the ten thousands digit of 1505910?
0
What is the millions digit of 1924612?
1
What is the ten thousands digit of 96339?
9
What is the tens digit of 1811074?
7
What is the ten thousands digit of 941501?
4
What is the hundred thousands digit of 3965768?
9
What is the thousands digit of 52483?
2
What is the hundred thousands digit of 655603?
6
What is the units digit of 10628341?
1
What is the hundreds digit of 5273993?
9
What is the thousands digit of 1411205?
1
What is the hundred thousands digit of 584778?
5
What is the thousands digit of 2786980?
6
What is the millions digit of 1214466?
1
What is the units digit of 8425301?
1
What is the ten thousands digit of 2057171?
5
What is the ten thousands digit of 377141?
7
What is the tens digit of 23088?
8
What is the hundred thousands digit of 9066094?
0
What is the hundreds digit of 600376?
3
What is the ten thousands digit of 544860?
4
What is the ten thousands digit of 6311678?
1
What is the tens digit of 141010?
1
What is the tens digit of 31168897?
9
What is the hundred thousands digit of 1005160?
0
What is the hundred thousands digit of 3848479?
8
What is the millions digit of 2720792?
2
What is the tens digit of 578669?
6
What is the tens digit of 3412473?
7
What is the ten thousands digit of 613142?
1
What is the ten thousands digit of 105755?
0
What is the hundred thousands digit of 2449764?
4
What is the hundreds digit of 907912?
9
What is the ten thousands digit of 2777714?
7
What is the hundred thousands digit of 156999?
1
What is the ten thousands digit of 3678009?
7
What is the ten millions digit of 15041064?
1
What is the hundreds digit of 3118524?
5
What is the units digit of 58695?
5
What is the hundred thousands digit of 261573?
2
What is the hundred thousands digit of 2999762?
9
What is the hundreds digit of 333687?
6
What is the thousands digit of 498234?
8
What is the hundred thousands digit of 20404804?
4
What is the thousands digit of 291106?
1
What is the units digit of 2344227?
7
What is the tens digit of 624773?
7
What is the hundred thousands digit of 1827502?
8
What is the hundred thousands digit of 2441263?
4
What is the tens digit of 2036114?
1
What is the tens digit of 350239?
3
What is the ten thousands digit of 9279395?
7
What is the ten thousands digit of 308217?
0
What is the ten thousands digit of 743829?
4
What is the units digit of 718394?
4
What is the thousands digit of 1181818?
1
What is the thousands digit of 2154051?
4
What is the units digit of 266529?
9
What is the tens digit of 343349?
4
What is the units digit of 317398?
8
What is the tens digit of 519033?
3
What is the thousands digit of 18548684?
8
What is the tens digit of 2421452?
5
What is the hundred thousands digit of 622625?
6
What is the thousands digit of 239745?
9
What is the units digit of 6587332?
2
What is the ten thousands digit of 342220?
4
What is the hundreds digit of 694197?
1
What is the hundreds digit of 4771673?
6
What is the hundred thousands digit of 127539?
1
What is the ten thousands digit of 41172594?
7
What is the tens digit of 12132?
3
What is the hundred thousands digit of 1808266?
8
What is the millions digit of 2797198?
2
What is the hundreds digit of 2506311?
3
What is the hundred thousands digit of 195597?
1
What is the millions digit of 11380780?
1
What is the hundred thousands digit of 15753030?
7
What is the ten thousands digit of 87201?
8
What is the thousands digit of 189021?
9
What is the ten thousands digit of 37312799?
1
What is the ten thousands digit of 352215?
5
What is the ten thousands digit of 880031?
8
What is the thousands digit of 17391704?
1
What is the hundreds digit of 162593?
5
What is the millions digit of 1240856?
1
What is the ten thousands digit of 1745204?
4
What is the units digit of 2249213?
3
What is the hundred thousands digit of 384995?
3
What is the tens digit of 1462424?
2
What is the tens digit of 391692?
9
What is the ten thousands digit of 3006836?
0
What is the hundreds digit of 2722524?
5
What is the ten thousands digit of 39626576?
2
What is the millions digit of 2590899?
2
What is the hundred thousands digit of 190352?
1
What is the hundreds digit of 328585?
5
What is the hundreds digit of 777002?
0
What is the ten thousands digit of 1104295?
0
What is the ten thousands digit of 331983?
3
What is the hundred thousands digit of 2212112?
2
What is the hundred thousands digit of 9612699?
6
What is the millions digit of 5796610?
5
What is the hundred thousands digit of 8196344?
1
What is the hundred thousands digit of 17124562?
1
What is the ten thousands digit of 4132593?
3
What is the thousands digit of 2910958?
0
What is the units digit of 901239?
9
What is the tens digit of 29559545?
4
What is the hundreds digit of 1638505?
5
What is the millions digit of 11343442?
1
What is the hundreds digit of 117814?
8
What is the thousands digit of 221107?
1
What is the units digit of 64469?
9
What is the hundred thousands digit of 289489?
2
What is the thousands digit of 635578?
5
What is the hundreds digit of 14174604?
6
What is the thousands digit of 592391?
2
What is the hundred thousands digit of 3758672?
7
What is the thousands digit of 71474?
1
What is the thousands digit of 52899?
2
What is the thousands digit of 645924?
5
What is the hundred thousands digit of 349989?
3
What is the hundreds digit of 380811?
8
What is the tens digit of 65347?
4
What is the thousands digit of 10222417?
2
What is the units digit of 9736773?
3
What is the tens digit of 5073077?
7
What is the tens digit of 389426?
2
What is the thousands digit of 28193594?
3
What is the ten thousands digit of 9210287?
1
What is the ten thousands digit of 71312?
7
What is the units digit of 639157?
7
What is the thousands digit of 78771?
8
What is the units digit of 992349?
9
What is the thousands digit of 12884553?
4
What is the hundred thousands digit of 2228794?
2
What is the units digit of 11542631?
1
What is the ten thousands digit of 6669716?
6
What is the units digit of 3055369?
9
What is the hundreds digit of 7578485?
4
What is the units digit of 276300?
0
What is the hundred thousands digit of 7274834?
2
What is the hundred thousands digit of 2718087?
7
What is the units digit of 1879?
9
What is the tens digit of 36329?
2
What is the hundred thousands digit of 4885826?
8
What is the hundreds digit of 18216013?
0
What is the ten thousands digit of 13700977?
0
What is the ten millions digit of 19967014?
1
What is the thousands digit of 51855?
1
What is the tens digit of 10390333?
3
What is the hundred thousands digit of 4937244?
9
What is the units digit of 3214149?
9
What is the units digit of 9165?
5
What is the thousands digit of 2779773?
9
What is the thousands digit of 39474342?
4
What is the hundred thousands digit of 248548?
2
What is the hundreds digit of 2367432?
4
What is the ten thousands digit of 1866955?
6
What is the millions digit of 5503490?
5
What is the ten thousands digit of 8734652?
3
What is the tens digit of 735591?
9
What is the un